base 10) in base 9?
-420
-d36 (base 14) to base 9
-3504
What is -660 (base 13) in base 11?
-903
What is 25ee (base 16) in base 15?
2d25
What is -43 (base 16) in base 10?
-67
Convert 140 (base 10) to base 12.
b8
16d (base 16) to base 12
265
What is 686 (base 9) in base 6?
2340
Convert 429 (base 14) to base 10.
821
-112230 (base 5) to base 6
-30453
192 (base 13) to base 10
288
Convert -32022 (base 4) to base 13.
-549
Convert -147 (base 11) to base 12.
-124
-2a83 (base 11) to base 2
-111101111011
What is 2111 (base 4) in base 8?
225
-1595 (base 13) to base 8
-6134
What is -356 (base 9) in base 4?
-10212
What is -3e6f (base 16) in base 11?
-11010
-10100111101000 (base 2) to base 9
-15640
-13553 (base 8) to base 16
-176b
Convert 284a (base 12) to base 8.
11072
Convert -2427 (base 10) to base 5.
-34202
100101101 (base 2) to base 14
177
What is 14001 (base 7) in base 4?
322332
What is 1326 (base 7) in base 11?
424
-627 (base 10) to base 15
-2bc
What is -2630 (base 8) in base 16?
-598
65 (base 10) to base 15
45
-1214 (base 10) to base 6
-5342
62 (base 8) to base 10
50
What is -2133010 (base 4) in base 11?
-7715
Convert -3004244 (base 5) to base 12.
-23561
-1057a (base 12) to base 3
-1002120011
What is -120b (base 12) in base 15?
-902
-3164 (base 16) to base 14
-4872
-300233 (base 7) to base 6
-1025555
277 (base 8) to base 5
1231
What is -239 (base 12) in base 4?
-11031
Convert -2052 (base 8) to base 9.
-1414
-27149 (base 10) to base 4
-12220031
What is 5ec (base 16) in base 8?
2754
Convert 8362 (base 12) to base 6.
150202
What is 33819 (base 10) in base 7?
200412
2d5 (base 16) to base 12
505
What is 1978 (base 14) in base 11?
3515
Convert a77 (base 14) to base 15.
92a
What is -1694 (base 10) in base 8?
-3236
4a217 (base 11) to base 2
10001100111000110
Convert 12400 (base 6) to base 7.
5313
3299a (base 11) to base 2
1011101010100111
What is 1703 (base 10) in base 15?
788
-354 (base 9) to base 16
-124
What is 580 (base 15) in base 5?
14440
Convert 37803 (base 10) to base 8.
111653
Convert -2000001 (base 3) to base 13.
-883
What is -494 (base 10) in base 5?
-3434
Convert 11056 (base 8) to base 10.
4654
Convert -1440244 (base 5) to base 15.
-9169
What is 1014 (base 9) in base 7?
2110
What is 248 (base 13) in base 3?
112202
53 (base 16) to base 4
1103
84b1 (base 15) to base 12
142aa
What is 33632 (base 9) in base 3?
1010201002
Convert -d140 (base 16) to base 6.
-1052000
1042 (base 16) to base 8
10102
What is 0 (base 2) in base 3?
0
Convert 1531 (base 11) to base 10.
1970
Convert -742 (base 8) to base 5.
-3412
105a (base 16) to base 5
113221
Convert -2110 (base 12) to base 8.
-7034
-1125 (base 7) to base 11
-344
What is -892 (base 12) in base 14?
-662
Convert -62256 (base 8) to base 3.
-1022100121
451 (base 14) to base 12
5b3
-3303 (base 4) to base 14
-135
What is -4010 (base 7) in base 13?
-821
Convert 1225 (base 6) to base 4.
10301
103413 (base 6) to base 5
233302
-17c (base 16) to base 6
-1432
What is 1058b (base 12) in base 6?
243455
-2200100 (base 3) to base 4
-132201
Convert 3312111 (base 4) to base 14.
5a61
Convert -92a2 (base 14) to base 11.
-17a57
Convert 619a (base 13) to base 12.
7972
What is -20128 (base 10) in base 3?
-1000121111
Convert 230 (base 10) to base 8.
346
What is a22 (base 16) in base 7?
10364
Convert -7350 (base 10) to base 8.
-16266
What is -42252 (base 6) in base 16?
-1658
What is 45643 (base 7) in base 4?
2311330
What is 10 (base 5) in base 2?
101
Convert 321303 (base 6) to base 13.
bc40
Convert 34a7 (base 11) to base 5.
121334
-4369 (base 11) to base 3
-21220102
What is 1046 (base 14) in base 2?
101011110110
Convert 3105 (base 6) to base 2.
1010110001
What is 500 (base 11) in base 9?
742
What is -bd (base 15) in base 14?
-ca
30403 (base 5) to base 10
1978
Convert -210a1 (base 12) to base 10.
-43321
12022021 (base 4) to base 11
17a52
What is -b66 (base 15) in base 4?
-220023
What is 2042 (base 9) in base 8?
2730
-1b7 (base 13) to base 16
-13f
What is 3216 (base 14) in base 10?
8644
-8206 (base 9) to base 2
-1011101110000
What is 3220 (base 7) in base 12?
7b1
198 (base 16) to base 7
1122
1531 (base 6) to base 4
12133
Convert -101101100 (base 2) to base 11.
-301
Convert 5347 (base 13) to base 14.
42d1
10a3a (base 11) to base 15
4a99
Convert -cb28 (base 14) to base 15.
-a615
143 (base 6) to base 13
4b
Convert -4cb1 (base 14) to base 13.
-61a2
Convert -1061 (base 9) to base 7.
-2200
What is 1123 (base 9) in base 4?
30333
What is 131 (base 11) in base 9?
182
What is -10041 (base 5) in base 2?
-1010000110
-11000000101 (base 2) to base 12
-a85
Convert 15036 (base 11) to base 3.
1002021012
What is -7cf (base 16) in base 12?
-11a7
What is 2a18 (base 11) in base 13?
1a04
-1010101101 (base 2) to base 10
-685
317 (base 16) to base 3
1002022
-121 (base 7) to base 4
-1000
What is 113714 (base 8) in base 4?
21133030
Convert -212011011 (base 3) to base 13.
-78b5
What is -762 (base 11) in base 5?
-12130
Convert 2303 (base 5) to base 10.
328
What is 200201101 (base 3) in base 7?
54532
Convert 40e7 (base 15) to base 4.
3112111
-201020 (base 3) to base 2
-1000000111
-2947 (base 10) to base 15
-d17
What is -31201 (base 4) in base 10?
-865
648a (base 13) to base 8
33224
What is -14260 (base 7) in base 8?
-7511
Convert 156467 (base 8) to base 16.
dd37
6658 (base 9) to base 16
1331
Convert -14615 (base 9) to base 8.
-23371
Convert f43 (base 16) to base 3.
12100201
1023323 (base 5) to base 8
41672
118b (base 14) to base 16
bf7
What is 3c18 (base 13) in base 12?
5000
-110011101100 (base 2) to base 8
-6354
What is -3114 (base 7) in base 4?
-101001
Convert 101100111011010 (base 2) to base 12.
1138a
What is bdd6 (base 14) in base 7?
164656
-373 (base 8) to base 7
-506
1102120111 (base 3) to base 15
84ea
What is -4109 (base 12) in base 10?
-7065
-4408 (base 9) to base 2
-110010110000
What is 55b (base 14) in base 13?
638
Convert -9c47 (base 13) to base 4.
-11111210
What is 46 (base 15) in base 13?
51
1b (base 13) to base 7
33
12111220 (base 3) to base 13
1aa3
What is 19b21 (base 13) in base 9?
75800
-304001 (base 7) to base 14
-14c38
Convert 1231000 (base 4) to base 14.
2784
What is -7251 (base 12) in base 6?
-133341
Convert -52a (base 11) to base 8.
-1175
Convert 355042 (base 6) to base 10.
30914
What is 184 (base 11) in base 15?
e3
134 (base 13) to base 12
158
-225 (base 11) to base 5
-2034
Convert 102401 (base 5) to base 2.
110110010100
141040 (base 8) to base 16
c220
What is 1491 (base 12) in base 8?
4555
Convert -21543 (base 6) to base 8.
-5707
What is 180b (base 13) in base 8?
6750
What is 21442 (base 7) in base 11?
4043
What is 10216 (base 7) in base 15?
b27
Convert 10423 (base 6) to base 11.
1103
Convert 1258 (base 9) to base 10.
944
What is -cca (base 14) in base 5?
-40110
Convert 2545 (base 8) to base 14.
709
Convert 111010000 (base 2) to base 13.
299
22 (base 13) to base 9
31
Convert 11000 (base 4) to base 6.
1252
Convert -517 (base 8) to base 13.
-1ca
Convert 5824 (base 9) to base 15.
142a
What is -130d (base 14) in base 11?
-2571
What is 3865 (base 9) in base 16?
b4e
Convert -521 (base 10) to base 13.
-311
What is 1001001101100 (base 2) in base 12?
2890
Convert 13b (base 16) to base 13.
1b3
What is -111020021 (base 3) in base 12?
-56ba
Convert 150 (base 9) to base 15.
86
What is -106465 (base 7) in base 4?
-10222210
20334 (base 5) to base 14
6c0
What is 388 (base 10) in base 2?
110000100
-112330 (base 5) to base 9
-5544
-35a6 (base 11) to base 13
-21b8
Convert 2dca (base 15) to base 14.
3849
What is -1721 (base 9) in base 13?
-7a2
2342 (base 6) to base 7
1436
What is 256 (base 14) in base 6?
2100
-2113 (base 5) to base 15
-13d
1011111101 (base 2) to base 14
3c9
What is 266136 (base 7) in base 4?
30033222
23505 (base 11) to base 8
102135
What is -22331 (base 7) in base 9?
-7675
263 (base 11) to base 12
21b
What is 2d6 (base 14) in base 9?
714
c5a4 (base 15) to base 8
121463
What is -30 (base 13) in base 11?
-36
Convert 40607 (base 8) to base 9.
25008
-223023 (base 4) to base 11
-2092
-a5 (base 11) to base 5
-430
b2a (base 12) to base 15
72d
-2695 (base 14) to base 12
-3b23
-37448 (base 10) to base 12
-19808
Convert 120002 (base 3) to base 15.
1c2
What is 10010100 (base 3) in base 14?
b89
What is -3334 (base 12) in base 8?
-13030
What is -8837